 = y + s. Does 9 divide r?
True
Suppose -2*w = -5*w + 30. Suppose m + 3*o + 24 = 4*m, m + 5*o + w = 0. Is 2 a factor of m?
False
Let y be (-1 - -140) + 3/1. Suppose 3*v - y = -43. Is 26 a factor of v?
False
Suppose -m = 3*i - 12, -4*m + 6*m + 6 = 0. Let a be (7/i - 1)*30. Is 17 a factor of 136/a*(-6)/(-4)?
True
Let p = 5 + 15. Let t = p + -3. Let f = t + -5. Is f a multiple of 10?
False
Let y(w) = -w**3 + 5*w**2 + 4*w. Let m be 2/(-8) - 63/(-12). Is y(m) a multiple of 15?
False
Let o be (-14)/(2/(5 - 1)). Let n = o + 83. Is n a multiple of 14?
False
Let j = 9 + 262. Suppose 5*k + h - j = 0, 2*k - 38 - 66 = 4*h. Is k a multiple of 18?
True
Suppose 2 = x + 3*y, -4*x - 1 + 9 = -5*y. Let r(g) = -7 + 2 - 2*g**2 - 4*g**x + g**3 - g. Does 15 divide r(7)?
False
Suppose 0*o - 100 = -5*o - 2*i, 4*o - 2*i = 62. Is 18 a factor of o?
True
Suppose 4 = -4*y + 4*f, 3*y - 2*f = -1 - 5. Does 3 divide (-2)/(y/(-1))*-8?
False
Let g = 33 + -37. Let l = -5 - -11. Let j = l + g. Does 2 divide j?
True
Let i = 23 + 28. Is 17 a factor of i?
True
Suppose 0 = 2*k - 7*k + 15. Suppose 10 + 23 = -3*l + k*c, 5*c + 89 = -4*l. Let s = 30 + l. Is 14 a factor of s?
True
Let n(w) = -w**3 + w**2 - 6. Let m be n(0). Let h(k) = k**2 - 2*k + 3. Does 17 divide h(m)?
True
Suppose 2*j - 330 = -4*c + 5*j, -3*c + j + 245 = 0. Is 9 a factor of c?
True
Suppose -2*r - 3 = -5*w, r - 2*w - 1 = -0*r. Let f = r - 7. Suppose k - 6 = -2*b + 41, f*b + 4*k = 88. Is 14 a factor of b?
False
Let r = 6 + -3. Suppose 68 = r*x - 4. Is x a multiple of 12?
True
Let h(z) be the second derivative of 0 + z + 1/3*z**4 - 3/2*z**2 + 1/2*z**3 - 1/20*z**5. Is h(4) a multiple of 7?
False
Suppose -20 = -5*w + 40. Is w a multiple of 11?
False
Let k be (-4)/(-1)*(-4 - -5). Suppose 92 = 4*r - 0*r + k*s, -4*r - 5*s = -93. Is r a multiple of 11?
True
Let o = 8 + -3. Suppose 28 = c + d - 3*d, -o*c + 110 = -4*d. Is 9 a factor of c?
True
Let q be (2 - 1)/(3/99). Suppose 3*d + 21 = u, 3*u - 3*d = u + q. Is 2 a factor of 9/2 - u/8?
False
Suppose m - 12 = -m. Suppose 2*q - 44 = -2*b, -3*b + m*b - 62 = q. Does 7 divide b?
True
Suppose 4*r + 1 = v, -5*v = 4*r - 5*r - 24. Does 4 divide v?
False
Is 8 a factor of (9/(-3))/3 - -9?
True
Let u(c) = -c**2 - 15*c + 32. Is 5 a factor of u(-14)?
False
Let t(p) = -40*p**3 - p**2 + 1. Is 20 a factor of t(-1)?
True
Let u(g) = -g**3 + 7*g**2 - 6*g. Let n = -6 - -12. Let l be u(n). Is 3/(l - 3)*-13 a multiple of 13?
True
Suppose a - 2*h - 80 = 0, -4*a + 172 + 118 = -2*h. Let w = 155 + -52. Let x = w - a. Is 12 a factor of x?
False
Let x = 5 - 7. Let u(o) = -o + 12. Let v(p) = 3. Let a(f) = 3*u(f) - 12*v(f). Is 3 a factor of a(x)?
True
Is (-468)/(-20) - (-3)/5 a multiple of 8?
True
Suppose -3*c + 251 = -2*t, -3*c - 5*t + t + 281 = 0. Does 10 divide c?
False
Let a = -3 + 31. Let p = 47 - a. Let c = -9 + p. Is c a multiple of 3?
False
Suppose 12 = 3*v + 2*j - 4, 5*j = -20. Let o(c) = -4 + v*c - c**2 - 2*c**2 + 2*c**2. Is 8 a factor of o(5)?
False
Let f(t) = -9*t - 6. Does 12 divide f(-4)?
False
Suppose -4*f = 16, o + 0*o + 2*f + 8 = 0. Suppose 4*k - 5*i - 23 = -2*i, i - 3 = o. Is k a multiple of 8?
True
Let t(h) be the second derivative of 0 + 1/3*h**4 - 2*h + 1/3*h**3 - 1/2*h**2. Is t(-2) a multiple of 11?
True
Let r = -1 - -8. Suppose 95 = -2*j + r*j. Is j a multiple of 15?
False
Let w(u) = -3*u + 8. Let z be w(6). Let j(t) = t**2 - 2*t + 1. Let g be j(-4). Let h = g + z. Is h a multiple of 14?
False
Let p(z) = -z**3 + z**2 + z + 4. Let q be p(0). Suppose 5*j - 295 = -3*w, -w - q*w = 3*j - 513. Is 35 a factor of w?
True
Let j be 0/1 + 4 + 30. Let q = j + -19. Does 15 divide q?
True
Suppose 5*p - r + 0 = -20, -3*p + 5*r = 12. Let a(g) = g**2 + 5*g + 6. Let s be a(p). Suppose s*d - 11 = 1. Is d a multiple of 3?
True
Suppose p = 5*z + 29, 0 = -4*p + 2*z - 27 + 125. Does 8 divide p?
True
Suppose -2*m + 20 = 2*m - 4*n, 3*m - n - 11 = 0. Is 2 a factor of m?
False
Suppose 0 = c + 6 + 17. Let v = 41 + c. Is v a multiple of 18?
True
Let t = 39 - -62. Is t a multiple of 35?
False
Let k = 4 + 68. Does 18 divide k?
True
Suppose -3*a + 5*a = 5*t + 13, -5*a - 4*t + 82 = 0. Let c = -4 + a. Let y = 36 - c. Is 13 a factor of y?
True
Let b(g) = 32*g - 3. Let o(f) = 2*f. Let c be o(2). Let n be b(c). Suppose -2*z + 50 = -4*m, -3*m + 2*m - n = -5*z. Is z a multiple of 13?
False
Suppose 5*f - 3*h - 1296 = 0, 2*h + 33 + 1005 = 4*f. Is f a multiple of 46?
False
Suppose 10 = 2*g + h - 119, 3*g + 3*h - 186 = 0. Is 12 a factor of g?
False
Let y = 5 - 15. Is (-2 - -22)*(-12)/y a multiple of 12?
True
Let s = -46 - -127. Is 14 a factor of s?
False
Is 13 a factor of (-69 - 3)*(-10)/15?
False
Suppose 0 = o - 14 - 2. Is o a multiple of 4?
True
Suppose -2*n - 1 = -k, 0 = -0*n + 3*n + k - 1. Suppose -4*o + 60 + n = 0. Is 15 a factor of o?
True
Let z(n) = 7*n + 1. Let q be z(8). Let t = 3 - q. Let k = -29 - t. Is 12 a factor of k?
False
Let y = 0 + 3. Let n(p) = -3*p + 3. Let a be n(y). Is 6 a factor of (-147)/(-14)*(-8)/a?
False
Let y = 11 - 6. Let h(q) = 3*q + 0*q - 2*q - 3 + y. Is 3 a factor of h(5)?
False
Suppose 3*c - 11 = 106. Does 13 divide c?
True
Suppose 6 = -v + 4*v. Let c(b) = 8*b**3 - 2*b**3 + 3*b - 2*b**2 - b**2 - 2*b**3. Is c(v) a multiple of 13?
True
Let u = 10 - 6. Suppose -2*n + 5*x - u = 12, x = 4. Is (4 - n - 3) + 12 a multiple of 5?
False
Suppose -5*u = -u + 16. Does 9 divide 12/u - 0 - -24?
False
Let w = 12 - -6. Is 5 a factor of w?
False
Let s(v) = -v**3 + 28*v**2 + 31*v - 49. Is s(29) a multiple of 9?
True
Let r(d) = d**2 + 3*d + 1. Let v = -6 + 8. Suppose 0 = -6*s + v*s - 24. Is r(s) a multiple of 7?
False
Let s = 294 - 168. Suppose s = 4*z - 50. Is 14 a factor of z?
False
Suppose 4*y = 7 + 1. Let n = -4 + 3. Is 4 a factor of 0/n - -6 - y?
True
Let l(a) = -3*a - 15. Let k be l(-10). Let s be (6/(-5))/(3/k). Does 11 divide s/2*22/(-3)?
True
Let q be (-4*1)/((-2)/2). Suppose -34 = -4*x + m + 87, 38 = 2*x + q*m. Does 10 divide x - -1*0/1?
False
Let c = 7 - 2. Suppose -c*w + 20 = 0, 0 = -5*n + 2*n - 5*w - 34. Let b = 4 - n. Is 16 a factor of b?
False
Let a(c) = -2*c - 7. Let r be a(-6). Suppose f + 2*f - 5*z = 97, 0 = -r*f + 2*z + 187. Suppose 0 = x + 2*x - f. Does 13 divide x?
True
Let m(f) = f + 31. Let a be m(0). Suppose -3*c + i = -a, 5*c + 3*i - 46 = 29. Is 4 a factor of c?
True
Let t(n) = -10*n**3 - n**2 - n. Let o be t(-1). Let p = o + -10. Suppose p*a = 2*a - 16. Is 4 a factor of a?
True
Suppose 8 = 5*f - 12. Suppose 4*r - 34 = -2*x - 0*x, 0 = -f*x - 3*r + 48. Is x a multiple of 3?
True
Let i = -572 - -812. Does 15 divide i?
True
Suppose 2*t + 34 = 2*d + 7*t, 2*t + 143 = 5*d. Let s = d + -15. Is 12 a factor of s?
True
Let o = -47 - -28. Let q be 1 - 2 - -2 - o. Let u = 35 - q. Is 11 a factor of u?
False
Suppose 43 = 2*l - 0*l - 5*h, -75 = -3*l - 3*h. Suppose -4*o = -3*v + 21, -5*o + l - 3 = 3*v. Does 3 divide v?
False
Let m(h) = -18*h - 6. Does 33 divide m(-4)?
True
Let x(p) = -2*p**2 - 2*p - 3. Let s be x(-4). Let k be s/(-45) + 64/10. Suppose 4*l - 2*r - 2 = 3*r, -k = -l - 2*r. Is l a multiple of 2?
False
Let z = -4 + 7. Suppose 0*l = z*l. Suppose 0 = -2*t - 4*c + 54, l*t = t - 4*c - 15. Does 17 divide t?
False
Suppose -4*m - m = -5*b + 20, -3*m = b. Suppose 0*p + b*k = p - 5, -p + 5*k = -3. Is p a multiple of 8?
True
Suppose 2*h + 316 = 5*a + 53, 3*h = -4*a + 215. Does 10 divide a?
False
Let w(x) = -51*x**3 - x - 1. Does 17 divide w(-1)?
True
Is 22 a factor of 2/(-4)*704/(-8)?
True
Suppose -4*k + 13 + 3 = 0. Let v be 620/14 - k/14. Suppose 7*x = 2*x - 5*r + 95, -v = -2*x - 4*r. Does 8 divide x?
True
Suppose b - 2*p - 7 = -4*p, 16 = -4*p. Let y = -7 + b. Is y a multiple of 6?
False
Is 3 a factor of (-63)/(-4) + (-9)/12?
True
Let b = 102 + -67. Does 16 divide b?
False
Let c(y) be the second derivative of -y**8/6720 + y**7/315 - y**6/120 + y**5/20 + y**4/6 + 2*y. Let f(p) be the third derivative of c(p). Does 9 divide f(7)?
False
Let p(t) be the second derivative of t**4/12 + t**3/3 - 3*t**2/2 - t. Let b be p(-4). Suppose -4*m + 5*k + 45 = 0, -m + 4*k + 20 = -b. Is 2 a factor of m?
False
Let a(y) = y**3 - 5*y**2 + 3*y - 7. Let t be (1 - (-9)/(-2))*-4. Let v be 4/t + 165/35. Does 8 divide a(v)?
True
Does 13 divide 2/9 - 716/(-18)?
False
Let f(v) = 4*v**3 - v**2 - 3*v - 1. Let i be f(3). Let k = i +